units digit of 107211512?
2
What is the tens digit of 2340883?
8
What is the hundreds digit of 162476475?
4
What is the hundred millions digit of 537859134?
5
What is the hundred millions digit of 103048764?
1
What is the tens digit of 1055823826?
2
What is the tens digit of 52992537?
3
What is the units digit of 59059535?
5
What is the hundred millions digit of 430567087?
4
What is the millions digit of 334211681?
4
What is the hundred thousands digit of 887162694?
1
What is the hundred thousands digit of 61839451?
8
What is the hundreds digit of 53710793?
7
What is the billions digit of 1883784654?
1
What is the billions digit of 8048953686?
8
What is the ten thousands digit of 544875986?
7
What is the billions digit of 1186703321?
1
What is the ten millions digit of 54665438?
5
What is the hundreds digit of 346715375?
3
What is the ten millions digit of 512478151?
1
What is the tens digit of 63894838?
3
What is the ten millions digit of 270071892?
7
What is the millions digit of 986007933?
6
What is the tens digit of 38771182?
8
What is the ten thousands digit of 1028812992?
1
What is the thousands digit of 66477276?
7
What is the hundreds digit of 3737721290?
2
What is the ten thousands digit of 3149046475?
4
What is the tens digit of 6799372504?
0
What is the thousands digit of 271404789?
4
What is the hundred thousands digit of 80649961?
6
What is the ten thousands digit of 343399887?
9
What is the ten millions digit of 67705857?
6
What is the thousands digit of 1344151409?
1
What is the tens digit of 233124635?
3
What is the hundreds digit of 342337855?
8
What is the tens digit of 378672093?
9
What is the hundred millions digit of 1304585675?
3
What is the thousands digit of 92580157?
0
What is the tens digit of 130667183?
8
What is the millions digit of 1179293?
1
What is the units digit of 6315029546?
6
What is the units digit of 49086738?
8
What is the millions digit of 93178749?
3
What is the hundreds digit of 3775504494?
4
What is the thousands digit of 551508510?
8
What is the millions digit of 3053910274?
3
What is the hundred millions digit of 3917692516?
9
What is the millions digit of 6905557346?
5
What is the hundreds digit of 146845562?
5
What is the billions digit of 1927235757?
1
What is the units digit of 51038836?
6
What is the tens digit of 46925162?
6
What is the thousands digit of 572086831?
6
What is the ten millions digit of 957052759?
5
What is the ten thousands digit of 288623739?
2
What is the tens digit of 3474272322?
2
What is the millions digit of 119046897?
9
What is the hundred thousands digit of 90664892?
6
What is the tens digit of 53208615?
1
What is the tens digit of 379213996?
9
What is the ten millions digit of 37841466?
3
What is the tens digit of 744335421?
2
What is the units digit of 31032488?
8
What is the hundred millions digit of 182883679?
1
What is the units digit of 2093753?
3
What is the thousands digit of 3514033?
4
What is the hundreds digit of 1292662?
6
What is the ten thousands digit of 1688749448?
4
What is the units digit of 4299469?
9
What is the billions digit of 3295017811?
3
What is the ten thousands digit of 7108610?
0
What is the hundred thousands digit of 407850629?
8
What is the hundreds digit of 92350762?
7
What is the units digit of 38334364?
4
What is the units digit of 943649747?
7
What is the hundreds digit of 1335463857?
8
What is the tens digit of 60776702?
0
What is the hundred thousands digit of 103703983?
7
What is the tens digit of 1061045869?
6
What is the hundreds digit of 4617900750?
7
What is the hundreds digit of 466572311?
3
What is the thousands digit of 725118244?
8
What is the tens digit of 99366251?
5
What is the hundred thousands digit of 979386427?
3
What is the ten millions digit of 17242388?
1
What is the units digit of 96741536?
6
What is the billions digit of 2959851810?
2
What is the units digit of 293379061?
1
What is the tens digit of 12779387?
8
What is the units digit of 19214506?
6
What is the tens digit of 70966717?
1
What is the ten millions digit of 430506134?
3
What is the hundreds digit of 290258932?
9
What is the hundreds digit of 257691682?
6
What is the hundreds digit of 82709079?
0
What is the ten thousands digit of 3122609751?
0
What is the hundreds digit of 318690153?
1
What is the ten thousands digit of 114891042?
9
What is the units digit of 100708689?
9
What is the hundreds digit of 43198249?
2
What is the millions digit of 6473036?
6
What is the millions digit of 16698182?
6
What is the millions digit of 12644896?
2
What is the hundreds digit of 654385404?
4
What is the thousands digit of 3962170789?
0
What is the thousands digit of 26899189?
9
What is the hundred thousands digit of 177361801?
3
What is the thousands digit of 58215949?
5
What is the ten millions digit of 98127726?
9
What is the millions digit of 26319250?
6
What is the ten millions digit of 193592457?
9
What is the units digit of 20452773?
3
What is the ten millions digit of 235812527?
3
What is the thousands digit of 565212206?
2
What is the tens digit of 11404064?
6
What is the tens digit of 145890307?
0
What is the hundred thousands digit of 52258831?
2
What is the ten thousands digit of 3692475319?
7
What is the hundreds digit of 621313024?
0
What is the ten thousands digit of 1662620789?
2
What is the millions digit of 2406749377?
6
What is the hundreds digit of 2200511085?
0
What is the hundred thousands digit of 1429995124?
9
What is the ten millions digit of 64331629?
6
What is the units digit of 5923071?
1
What is the thousands digit of 91937539?
7
What is the hundreds digit of 65825489?
4
What is the millions digit of 370743436?
0
What is the ten thousands digit of 3563115676?
1
What is the ten thousands digit of 192036213?
3
What is the hundreds digit of 1623006741?
7
What is the ten millions digit of 1883443756?
8
What is the units digit of 756976133?
3
What is the units digit of 1268256800?
0
What is the hundreds digit of 616408881?
8
What is the hundreds digit of 1116856175?
1
What is the tens digit of 845135065?
6
What is the ten millions digit of 304912355?
0
What is the tens digit of 212847593?
9
What is the hundreds digit of 28071365?
3
What is the tens digit of 167274958?
5
What is the hundred thousands digit of 4354978376?
9
What is the hundred millions digit of 464247658?
4
What is the tens digit of 43723549?
4
What is the millions digit of 292757304?
2
What is the hundred thousands digit of 28026687?
0
What is the hundreds digit of 2223051926?
9
What is the units digit of 59238203?
3
What is the ten thousands digit of 4592765780?
6
What is the hundreds digit of 136858489?
4
What is the units digit of 105065931?
1
What is the ten thousands digit of 2211785353?
8
What is the ten millions digit of 93215882?
9
What is the ten millions digit of 55635336?
5
What is the thousands digit of 309348312?
8
What is the hundred thousands digit of 233667913?
6
What is the thousands digit of 559902183?
2
What is the ten millions digit of 536579881?
3
What is the tens digit of 88551125?
2
What is the ten thousands digit of 33181781?
8
What is the hundred thousands digit of 2383121297?
1
What is the tens digit of 48140061?
6
What is the ten millions digit of 56478324?
5
What is the hundred millions digit of 358389963?
3
What is the hundreds digit of 4172098499?
4
What is the units digit of 447822450?
0
What is the hundred millions digit of 1253040769?
2
What is the hundreds digit of 570510793?
7
What is the units digit of 3188300989?
9
What is the units digit of 576874254?
4
What is the hundreds digit of 40368265?
2
What is the millions digit of 42244169?
2
What is the ten thousands digit of 296245182?
4
What is the hundreds digit of 432675455?
4
What is the thousands digit of 61510295?
0
What is the ten thousands digit of 2465828926?
2
What is the millions digit of 1480448519?
0
What is the ten millions digit of 37476257?
3
What is the hundreds digit of 123821563?
5
What is the ten thousands digit of 229603384?
0
What is the hundred thousands digit of 1689498008?
4
What is the units digit of 92445077?
7
What is the millions digit of 49376238?
9
What is the hundreds digit of 1704393405?
4
What is the thousands digit of 213797514?
7
What is the ten millio